w**2 - w**2 + 2*w**2 - j + 4*w. Determine q(-5).
-1
Suppose -5*w + 6 = -4*w. Let g(v) = 2*v**2 - 9*v. Give g(w).
18
Let h(z) be the first derivative of -13*z**3/3 - z + 3. Calculate h(-1).
-14
Let a(l) be the third derivative of -l**9/20160 - l**8/10080 - l**7/5040 + l**5/15 - 6*l**2. Let x(z) be the third derivative of a(z). What is x(-1)?
2
Let x = 122 + -126. Suppose 5*q = -2*f + 7, -3 = 4*q - 6*q - f. Let h(a) = -q - 1 + 0 - a. Determine h(x).
2
Let s(u) = u**3 - 5*u**2 + 3*u. Suppose 0 = 2*y + 2 - 10. Suppose 13 = 5*v + 4*x - 18, 8 = -y*v + 5*x. Calculate s(v).
-9
Suppose -y + 4*m = -19, 3*y - 2*m + 4*m = -13. Let l(k) = -13*k**2 + 2*k + 1. What is l(y)?
-14
Let l(u) = u**3 + 2*u**2 - 2*u - 2. Let a(d) = d**2 + 2*d + 4. Let f(s) = -3*s**2 - 5*s - 11. Let w(c) = 8*a(c) + 3*f(c). Let h be w(2). What is l(h)?
-5
Let a = 6 - 5. Let b(z) = -2*z**3 - 3*z**2 + 9*z**3 + 5*z**2 - 3*z**2. What is b(a)?
6
Suppose -n = o + 4, 0*n - 2*o - 8 = -4*n. Suppose -y = -0*y - 5. Let h(g) = 0*g - 6*g + y*g. Give h(n).
0
Suppose -4*j - 2 + 22 = 0. Suppose -3*p = -0*p - n + 19, 0 = -2*p - j*n - 7. Let a(h) be the second derivative of -h**4/12 - 5*h**3/6 - h**2/2 + h. Give a(p).
-7
Let q(x) = 5 + 71*x**2 - 70*x**2 + 13*x + 4 + 2. What is q(-12)?
-1
Let f(p) = p**3 - 7*p**2 + 4*p - 6. Let n(v) = -5*v + 9*v**2 - 15*v + 31 - 5*v**3 + 34*v**2 - 7*v**2. Let s(y) = 11*f(y) + 2*n(y). Calculate s(4).
-4
Let i(a) = a**3 + 3*a**2 + 4*a + 2. Let j be i(-2). Let c(q) = -q**2 - 2*q - 3. Give c(j).
-3
Let b(w) = 10*w + 1 - 2 - 16*w - w**2. Give b(-4).
7
Suppose -4*z - 4 = -5*d, d + d - 3 = 3*z. Let r = 1 - d. Let b(h) = 14*h. Give b(r).
14
Suppose 0*p + 3*p = 63. Suppose 5*t + 3*l + 9 = p, 4*l + 7 = t. Let s(j) = j**2 - 4*j + 3. Determine s(t).
0
Suppose 2*x - 114 = -0*x. Suppose 0*t - 3*t - 24 = -z, -3*z = -4*t - x. Suppose -8*y + 3*y + z = 0. Let l(g) = g**2 - 4*g. What is l(y)?
-3
Let r(x) = 5*x. Suppose 3*h = h + 8. Suppose 4*s - 3*s = -h*a - 23, 0 = -4*s + 3*a - 16. Let c = s + 5. What is r(c)?
-10
Let c(f) = -f**3 - 7*f**2 - 7*f - 6. Let g = -2 - 4. Let x be c(g). Let w(h) = -h**2. Let u(b) = -6. Let k(j) = -u(j) + w(j). What is k(x)?
6
Let m(c) = -c - 10. Suppose 0 = -5*h - 3*f - 15, 0 = h + 5*f - 8 - 11. What is m(h)?
-4
Let q(k) = -3 - 6 + 9 - 4*k. Let o(j) = 5*j + j**2 - 4 - 2*j - 2*j. Let p be o(-3). What is q(p)?
-8
Let h = 4 - 2. Let b(t) = -t**3 + h*t**3 + 2 - 4 + t. What is b(0)?
-2
Let m(t) = t + 6. Let y be m(-11). Let o(j) = 2*j + 4. What is o(y)?
-6
Let t = -8 - -12. Suppose t = -3*c - c. Let x(p) = -2*p**2 - 1. Give x(c).
-3
Let j(u) = 4*u**2 + u - 8. Let p(c) = 3*c**2 + c - 7. Let r(x) = -6*j(x) + 7*p(x). Let w(q) = -6*q**2 - 2*q**3 + 1 + q**3 + 2*q**3. Let f be w(6). What is r(f)?
-3
Let o(n) = 5*n + 5. Let k be o(-2). Let d(h) = h**3 + 6*h**2 + 3*h - 5. Calculate d(k).
5
Suppose 3*l - 5 = -2. Suppose 5*h = 4*a + l + 1, -5*a = -h + 13. Let k(b) be the second derivative of b**5/20 + b**4/4 - b**3/3 + b**2 - 2*b. Determine k(a).
8
Let g = 14 - 14. Let s(u) = 5*u**2 + g*u - 6*u + 4 + u**3 - u. What is s(-6)?
10
Let c(k) be the second derivative of -k**6/360 + k**4/24 + k**3/6 - 2*k. Let q(v) be the second derivative of c(v). What is q(-2)?
-3
Let c(h) = -4*h - 10. Let v(w) = -5*w - 9. Let x(d) = 4*c(d) - 3*v(d). Give x(-6).
-7
Let d = -8 + 13. Let g(j) = -3 - d*j - j + 5*j + j**2. Suppose -4*s + s - 4 = -4*i, -2*s + 8 = 0. What is g(i)?
9
Let w(r) be the second derivative of 3*r**5/10 + r**4/12 - r**2/2 - 7*r. Determine w(1).
6
Let c(o) = -o + 6. Let d be c(6). Let n(f) = -f**3 + f**2 + 6. What is n(d)?
6
Let b(c) = -c**2 + 8*c. Suppose 5*w - w = 24. What is b(w)?
12
Let v(m) be the second derivative of m**5/20 - m**4/2 - m**3/3 + 4*m**2 - m. Let a be v(6). Let h(x) = -x - 2. Calculate h(a).
2
Let u(y) be the first derivative of -y**4/4 + 2*y**3/3 + 5*y**2/2 - 2*y + 33. Calculate u(4).
-14
Let d(k) = -4*k - 1. Let y(o) = -10*o - 5. Let z(r) = -3*d(r) + y(r). Suppose 2*c - a = -0*c + 15, 0 = -2*c + 3*a + 25. Give z(c).
8
Let g be ((-12)/8)/(1/(-2)). Let c(v) = -1 + 0*v - v - 2 + 3*v. Calculate c(g).
3
Let u(s) be the second derivative of 4*s**3/3 + s**2/2 + 9*s. What is u(1)?
9
Let m(y) be the third derivative of y**6/60 - y**5/20 + y**3/6 + 6*y**2. Let q = 7 - 4. Suppose -g + 8 = q*g. Calculate m(g).
5
Let n(w) = -2*w**2 - 7*w. Let x(r) = r. Let a(l) = -4*n(l) - 28*x(l). Calculate a(-1).
8
Let d(y) be the third derivative of y**4/24 + y**3 - 2*y**2. Give d(-7).
-1
Let f(m) = m + 5*m**2 - 9 + 5*m - 5*m**2 - m**2. Determine f(6).
-9
Let k(c) = 338*c**2 - c + 4*c + 1 - 342*c**2 - 4*c. Determine k(1).
-4
Let p(j) = -j**3 - 6*j**2 - 5*j + 4. Suppose -2*z + i - 12 = -4, 0 = 5*z + 3*i + 31. Give p(z).
4
Suppose -u + 4*j = -2*u + 5, 4*u = j + 20. Suppose -2*h = 1 - u. Let n(i) = 0*i**3 - 3*i - 2*i**h - i**3 - 2 + i + 4*i. What is n(-3)?
1
Suppose 8*y - 16 = -2*b + 3*y, 3*b - y - 7 = 0. Let x(t) = -t**2 + 3 - 3 + b*t - 2 - t. Calculate x(2).
-2
Let w(k) = k**2 - 5*k + 5. Suppose -4*a - 5*h = 0, 4*h - 5 = -5*a - h. Calculate w(a).
5
Let v(w) = -w**3 - 1 + 5 + 2*w**3 + w**2 - 2 - 3*w. Determine v(-3).
-7
Let i(r) = r - 4. Let k = -11 - -18. Let v be i(k). Let g(u) = 0*u + 0*u - 2 - v*u + u**2. What is g(2)?
-4
Let x = 34 + -24. Let t = -4 + x. Let q(n) = 6 + t - 5 - 4*n + 5*n. What is q(-5)?
2
Let b(v) = 54*v**2 + 57*v**2 - 109*v**2 + 2. Calculate b(2).
10
Suppose 2 = r - 8*i + 4*i, -i = 5*r + 11. Let f(l) = l - 2. Determine f(r).
-4
Let d(i) = -3 - 1 + 3*i - 5*i + 6. Suppose -2*t = -11 + 3. Suppose -10 = -s - t*s. What is d(s)?
-2
Let o(c) be the first derivative of c**2 + 4*c + 7. Calculate o(-5).
-6
Let y be 2/(-2 + 0) + 3. Suppose 3*g - 5*u - y = 2, 0 = 2*g - 2*u - 4. Let b(m) = -4*m + g + 12*m - 4. What is b(1)?
7
Suppose 0 = 3*l + l. Let o(f) = f**3 + f + 5. Determine o(l).
5
Let p = -11 - -6. Let j(d) = d + 6. Calculate j(p).
1
Let n(q) be the third derivative of -q**5/60 + q**4/4 + 7*q**3/6 - 13*q**2. What is n(6)?
7
Let i = 2 - 3. Let g be i*(-1 + -2*1). Let f(p) be the third derivative of -p**5/60 + p**4/12 + p**3/3 - 6*p**2. What is f(g)?
-1
Let p(q) = -q**2 + 7*q. Let b be p(7). Let v be b - (0 + 3 + -3). Let o(f) = -f**3 - f**2 - 2. Let r be o(v). Let l(s) = s + 3. Give l(r).
1
Suppose 5*f + 4*z - 11 + 1 = 0, 37 = 2*f - 5*z. Suppose -2*x + 5*j = -10, 5 = 2*x - 3*j - 5. Let u(q) = -q + x*q - 3*q + f. Give u(-5).
1
Let n(i) = 4*i**3 - 6*i**2 - i - 10. Let m(g) = 9*g**3 - 12*g**2 - g - 20. Let z(s) = 3*m(s) - 7*n(s). Determine z(7).
-11
Let h = -27 - -19. Let p(j) = -17*j + 2. Let c(i) = 6*i - 1. Let y(u) = h*c(u) - 3*p(u). Let w be (-3)/((18/(-4))/(-3)). What is y(w)?
-4
Let c(l) = -l**3 + 3. Let i = 4 - 22. Let u = 18 + i. Determine c(u).
3
Let o = -17 - -30. Let i(y) = y**2 - 14*y + 15. What is i(o)?
2
Let a(m) = m**2 - 4*m - 3. Let r be a(5). Let w(z) be the first derivative of -1 + 1/2*z**2 - z. Calculate w(r).
1
Let y(b) = -b. Suppose -22 = -5*x - 4*k, 9*k = -3*x + 4*k + 21. Suppose -x*z - 18 + 6 = 0. Calculate y(z).
6
Let p(z) be the third derivative of -z**6/120 + z**5/30 - z**4/24 - z**3/3 + 5*z**2. Suppose -2 - 8 = 5*n. Calculate p(n).
16
Let n(u) = 3*u**2 + 4*u + 3. Let s(o) = 11*o. Let q = 0 + -2. Let v be s(q). Let g be 72/(-33) - 4/v. Give n(g).
7
Let m(l) = l**3 - l**2 + 6*l + 1. Let c(g) = -g**3 - 5*g - 1. Let t(v) = 3*c(v) + 2*m(v). Let k(n) = -4 - 6*n + 2*n**2 + 2 - n**2. Let d be k(6). What is t(d)?
5
Let v(r) = -5*r + 1 + 5*r + r. Let p(y) = -y**2 - 17*y - 17. Let h be (-2)/3*(3 + 21). Let j be p(h). What is v(j)?
0
Let j(w) = w**2 + 4 + 3 - 4 + 2*w - 2*w**2. Let m(b) be the third derivative of b**6/120 + b**5/20 - 5*b**4/24 - b**3 + b**2. Let r be m(-4). Calculate j(r).
-5
Let r(s) = 6*s + 1. Let z(m) = m**2 + 2*m - 1. Let q be z(-2). What is r(q)?
-5
Let d = -17 - -13. Let g(r) = -r**3 - 4*r**2 + 2*r + 4. What is g(d)?
-4
Let h = -5 - 11. Let m be 6/(-21) + h/(-7). Let f(n) = -n**m + n**2 - 3*n**2 + 2*n**3. Calculate f(2).
4
Let n(p) = -9*p**3 + 2*p**2 - 1. Let k be n(-1). Suppose 0 = -2*f + k - 4. Let j(u) = u**2 + 50 - 50 - 2*u. Determine j(f).
3
Let z(h) be the third derivative of -h**4/8 - h**3/3 - 3*h**2. Give z(2).
-8
Suppose -3*n - 6 + 18 = 0, 2*j - 6 = -3*n. Let z(q) = -q**3 - 2*q**2 - 2*q - 3. What is z(j)?
12
Let z(l) = l*